{"id":48,"date":"2019-10-31T09:50:58","date_gmt":"2019-10-31T09:50:58","guid":{"rendered":"https:\/\/www.demo.cosmoswp.com\/demo-9\/?page_id=50"},"modified":"2026-04-27T08:36:12","modified_gmt":"2026-04-27T06:36:12","slug":"aktuelles","status":"publish","type":"page","link":"https:\/\/praxis-goette.de\/content\/aktuelles\/","title":{"rendered":"Aktuelles"},"content":{"rendered":"\n<section id=\"gm8f9c8af\" class=\"wp-block-gutentor-m4 section-gm8f9c8af gutentor-module gutentor-advanced-columns\"><div class=\"grid-container\"><div class=\"grid-row\">\n<div id=\"col-gm003ac7\" class=\"wp-block-gutentor-m4-col col-gm003ac7 gutentor-single-column  grid-lg-12 grid-md-12 grid-12\"><div id=\"section-gm003ac7\" class=\"section-gm003ac7 gutentor-col-wrap\">\n<div id=\"section-gc29405\" class=\"wp-block-gutentor-e1 section-gc29405 gutentor-element gutentor-element-advanced-text\"><div class=\"gutentor-text-wrap\"><h3 class=\"gutentor-text\">Aktuelles<\/h3><\/div><\/div>\n<\/div><\/div>\n<\/div><\/div><\/section>\n\n\n\n<section id=\"g-810121b\" class=\"wp-block-gutentor-m4 section-g-810121b gutentor-module gutentor-advanced-columns gutentor-equal-column-height\"><div class=\"grid-container\"><div class=\"grid-row\">\n<div id=\"col-g-ww1m7c5\" class=\"wp-block-gutentor-m4-col col-g-ww1m7c5 gutentor-single-column  grid-lg-6 grid-md-12 grid-12\"><div id=\"section-g-ww1m7c5\" class=\"section-g-ww1m7c5 gutentor-col-wrap\">\n<div class=\"wp-block-group has-global-padding is-layout-constrained wp-block-group-is-layout-constrained\">\n<h4 class=\"wp-block-heading\">Unsere\/n n\u00e4chsten Praxisurlaub\/ Schlie\u00dftage: <\/h4>\n<\/div>\n\n\n\n<div class=\"wp-block-group has-global-padding is-layout-constrained wp-block-group-is-layout-constrained\">\n<div id=\"section-g-9rrazlz\" class=\"wp-block-gutentor-e1 section-g-9rrazlz gutentor-element gutentor-element-advanced-text\"><div class=\"gutentor-text-wrap\"><p class=\"gutentor-text\"><br><mark style=\"color:#cf2e2e\" class=\"has-inline-color\">08.07. &#8211; 24.07.2026<br><br>14.09. &#8211; 21.09.2026<\/mark><br><br><strong><mark style=\"color:#6c8e29\" class=\"has-inline-color\">\u00dcbers Jahr haben wir an allen Feier- sowie Br\u00fcckentagen geschlossen.<\/mark><\/strong><br><br><mark class=\"has-inline-color has-vivid-red-color\"><strong>Grunds\u00e4tzlich gilt:<\/strong> Sollten Sie w\u00e4hrend unseres Urlaubes eine Krankmeldung ben\u00f6tigen wenden Sie sich bitte an eine\/n vertretende\/n KollegIn, diese kann von uns im Nachhinein NICHT mehr ausgestellt werden.<\/mark> <mark style=\"color:#cf2e2e\" class=\"has-inline-color\">Bei kurzfristigen Urlaubsplanungen kann es m\u00f6glich sein, dass diese nicht auf die Website zu finden sind. Diese finden Sie dann auf dem Anrufbeantworter.<\/mark><\/p><\/div><\/div>\n<\/div>\n<\/div><\/div>\n\n\n\n<div id=\"col-g-mljv1l1\" class=\"wp-block-gutentor-m4-col col-g-mljv1l1 gutentor-single-column  grid-lg-6 grid-md-12 grid-12\"><div id=\"section-g-mljv1l1\" class=\"section-g-mljv1l1 gutentor-col-wrap\">\n<h4 class=\"wp-block-heading\">Maskenempfehlung<\/h4>\n\n\n\n<div id=\"section-g-7w9q5gz\" class=\"wp-block-gutentor-e1 section-g-7w9q5gz gutentor-element gutentor-element-advanced-text\"><div class=\"gutentor-text-wrap\"><p class=\"gutentor-text\"><strong>Wenn Sie uns mit einem Infekt aufsuchen bitten wir Sie zum Schutz anderer Patienten und unserer Angestellten, w\u00e4hrend des Aufenthaltes in unserer Praxis eine Maske zu tragen.<\/strong> <br><br>Auch am Praxiseingang weist Sie ein Aushang darauf hin. Sollten Sie keine Maske zur Hand haben, bekommen Sie diese gerne von unseren Mitarbeiterinnen.<br><\/p><\/div><\/div>\n<\/div><\/div>\n<\/div><\/div><\/section>\n\n\n\n<section id=\"gm91c6455\" class=\"wp-block-gutentor-m4 section-gm91c6455 gutentor-module gutentor-advanced-columns\"><div class=\"grid-container\"><div class=\"grid-row\">\n<div id=\"col-gm37105a\" class=\"wp-block-gutentor-m4-col col-gm37105a gutentor-single-column  grid-lg-6 grid-md-12 grid-12\"><div id=\"section-gm37105a\" class=\"section-gm37105a gutentor-col-wrap\">\n<div id=\"section-gab8cde\" class=\"wp-block-gutentor-e1 section-gab8cde gutentor-element gutentor-element-advanced-text\"><div class=\"gutentor-text-wrap\"><a class=\"gutentor-element-advanced-text-link\" href=\"https:\/\/www.praxenkollaps.info\/\" target=\"_blank\" rel=\" noopener noreferrer\"><p class=\"gutentor-text\"><a class=\"gutentor-element-advanced-text-link\" href=\"https:\/\/www.praxenkollaps.info\/\" target=\"_blank\" rel=\" noopener noreferrer\"><\/a><a class=\"gutentor-element-advanced-text-link\" href=\"https:\/\/www.praxenkollaps.info\/\" target=\"_blank\" rel=\" noopener noreferrer\"><\/a><a class=\"gutentor-element-advanced-text-link\" href=\"https:\/\/www.praxenkollaps.info\/\" target=\"_blank\" rel=\" noopener noreferrer\"><\/a><a class=\"gutentor-element-advanced-text-link\" href=\"https:\/\/www.praxenkollaps.info\/\" target=\"_blank\" rel=\" noopener noreferrer\"><\/a><a class=\"gutentor-element-advanced-text-link\" href=\"https:\/\/www.praxenkollaps.info\/\" target=\"_blank\" rel=\" noopener noreferrer\"><\/a><a class=\"gutentor-element-advanced-text-link\" href=\"https:\/\/www.praxenkollaps.info\/\" target=\"_blank\" rel=\" noopener noreferrer\"><\/a><a class=\"gutentor-element-advanced-text-link\" href=\"https:\/\/www.praxenkollaps.info\/\" target=\"_blank\" rel=\" noopener noreferrer\"><\/a><a class=\"gutentor-element-advanced-text-link\" href=\"https:\/\/www.praxenkollaps.info\/\" target=\"_blank\" rel=\" noopener noreferrer\"><\/a><a class=\"gutentor-element-advanced-text-link\" href=\"https:\/\/www.praxenkollaps.info\/\" target=\"_blank\" rel=\" noopener noreferrer\"><\/a><a class=\"gutentor-element-advanced-text-link\" href=\"https:\/\/www.praxenkollaps.info\/\" target=\"_blank\" rel=\" noopener noreferrer\"><\/a><a class=\"gutentor-element-advanced-text-link\" href=\"https:\/\/www.praxenkollaps.info\/\" target=\"_blank\" rel=\" noopener noreferrer\"><\/a><a class=\"gutentor-element-advanced-text-link\" href=\"https:\/\/www.praxenkollaps.info\/\" target=\"_blank\" rel=\" noopener noreferrer\"><\/a><a class=\"gutentor-element-advanced-text-link\" href=\"https:\/\/www.praxenkollaps.info\/\" target=\"_blank\" rel=\" noopener noreferrer\"><\/a><a class=\"gutentor-element-advanced-text-link\" href=\"https:\/\/www.praxenkollaps.info\/\" target=\"_blank\" rel=\" noopener noreferrer\"><\/a><a class=\"gutentor-element-advanced-text-link\" href=\"https:\/\/www.praxenkollaps.info\/\" target=\"_blank\" rel=\" noopener noreferrer\"><\/a><a class=\"gutentor-element-advanced-text-link\" href=\"https:\/\/www.praxenkollaps.info\/\" target=\"_blank\" rel=\" noopener noreferrer\"><\/a><a class=\"gutentor-element-advanced-text-link\" href=\"https:\/\/www.praxenkollaps.info\/\" target=\"_blank\" rel=\" noopener noreferrer\"><\/a><a class=\"gutentor-element-advanced-text-link\" href=\"https:\/\/www.praxenkollaps.info\/\" target=\"_blank\" rel=\"noopener noreferrer\"><\/a><a class=\"gutentor-element-advanced-text-link\" href=\"https:\/\/www.praxenkollaps.info\/\" target=\"_blank\" rel=\"noopener noreferrer\"><\/a><a class=\"gutentor-element-advanced-text-link\" href=\"https:\/\/www.praxenkollaps.info\/\" target=\"_blank\" rel=\"noopener noreferrer\"><\/a><a class=\"gutentor-element-advanced-text-link\" href=\"https:\/\/www.praxenkollaps.info\/\" target=\"_blank\" rel=\"noopener noreferrer\"><\/a><a class=\"gutentor-element-advanced-text-link\" href=\"https:\/\/www.praxenkollaps.info\/\" target=\"_blank\" rel=\"noopener noreferrer\"><\/a><a class=\"gutentor-element-advanced-text-link\" href=\"https:\/\/www.praxenkollaps.info\/\" target=\"_blank\" rel=\"noopener noreferrer\"><\/a><a class=\"gutentor-element-advanced-text-link\" href=\"https:\/\/www.praxenkollaps.info\/\" target=\"_blank\" rel=\"noopener noreferrer\"><\/a><a class=\"gutentor-element-advanced-text-link\" href=\"https:\/\/www.praxenkollaps.info\/\" target=\"_blank\" rel=\"noopener noreferrer\"><\/a><a class=\"gutentor-element-advanced-text-link\" href=\"https:\/\/www.praxenkollaps.info\/\" target=\"_blank\" rel=\"noopener noreferrer\"><\/a><a class=\"gutentor-element-advanced-text-link\" href=\"https:\/\/www.praxenkollaps.info\/\" target=\"_blank\" rel=\"noopener noreferrer\"><\/a><a class=\"gutentor-element-advanced-text-link\" href=\"https:\/\/www.praxenkollaps.info\/\" target=\"_blank\" rel=\"noopener noreferrer\"><\/a><a class=\"gutentor-element-advanced-text-link\" href=\"https:\/\/www.praxenkollaps.info\/\" target=\"_blank\" rel=\"noopener noreferrer\"><\/a><a class=\"gutentor-element-advanced-text-link\" href=\"https:\/\/www.praxenkollaps.info\/\" target=\"_blank\" rel=\"noopener noreferrer\"><\/a><a class=\"gutentor-element-advanced-text-link\" href=\"https:\/\/www.praxenkollaps.info\/\" target=\"_blank\" rel=\"noopener noreferrer\"><\/a><a class=\"gutentor-element-advanced-text-link\" href=\"https:\/\/www.praxenkollaps.info\/\" target=\"_blank\" rel=\"noopener noreferrer\"><\/a><a class=\"gutentor-element-advanced-text-link\" href=\"https:\/\/www.praxenkollaps.info\/\" target=\"_blank\" rel=\"noopener noreferrer\"><\/a><a class=\"gutentor-element-advanced-text-link\" href=\"https:\/\/www.praxenkollaps.info\/\" target=\"_blank\" rel=\"noopener noreferrer\"><\/a><a class=\"gutentor-element-advanced-text-link\" rel=\"noopener noreferrer\" href=\"https:\/\/www.praxenkollaps.info\/\" target=\"_blank\"><strong>Der \u00c4rzteprotest geht weiter!<\/strong> <strong>Wir streiken auch weiterhin<\/strong><br>Unterst\u00fctzen auch Sie uns um Ihre haus\u00e4rztliche Versorgung auch in der Zukunft sichergestellt zu wissen.<br><strong>Viele Patienten haben bereits heute keinen Hausarzt mehr!<\/strong><br>\u00dcber den folgenden Link gelangen Sie auf die Seite <\/a><a rel=\"noreferrer noopener\" href=\"https:\/\/www.praxenkollaps.info\/\" target=\"_blank\"><strong>https:\/\/www.praxenkollaps.info\/<\/strong><\/a> der Kassen\u00e4rztlichen Bundesvereinigung<br>Hier k\u00f6nnen Sie &#8222;Ihren&#8220; (Lokal)Politiker durch einen ganz einfachen Vorgang auf die prek\u00e4re Lage unseres <\/p><\/a><\/div><\/div>\n<\/div><\/div>\n\n\n\n<div id=\"col-gm89e2b5\" class=\"wp-block-gutentor-m4-col col-gm89e2b5 gutentor-single-column  grid-lg-6 grid-md-12 grid-12\"><div id=\"section-gm89e2b5\" class=\"section-gm89e2b5 gutentor-col-wrap\">\n<div id=\"section-g14803c\" class=\"wp-block-gutentor-e1 section-g14803c gutentor-element gutentor-element-advanced-text\"><div class=\"gutentor-text-wrap\"><p class=\"gutentor-text\">Gesundheitssystems aufmerksam machen.<br>Es braucht einen &#8222;breiten Aufschrei der Bev\u00f6lkerung&#8220; und zwar JETZT.<br>Ansonsten k\u00f6nnte auch Ihre freie Arztwahl in Zukunft eingeschr\u00e4nkt sein, oder sie ganz ohne Hausarzt dastehen, wie bereits viele Menschen, egal ob auf dem Land oder in der Stadt.<br>Mehr dazu im n\u00e4chsten Absatz.<\/p><\/div><\/div>\n<\/div><\/div>\n<\/div><\/div><\/section>\n\n\n\n<p><\/p>\n\n\n\n<section id=\"gm43bf2ad\" class=\"wp-block-gutentor-m4 section-gm43bf2ad gutentor-module gutentor-advanced-columns gutentor-equal-column-height\"><div class=\"grid-container\"><div class=\"grid-row\">\n<div id=\"col-gme1c939\" class=\"wp-block-gutentor-m4-col col-gme1c939 gutentor-single-column  grid-lg-6 grid-md-12 grid-12\"><div id=\"section-gme1c939\" class=\"section-gme1c939 gutentor-col-wrap\">\n<div id=\"section-g7da478\" class=\"wp-block-gutentor-e1 section-g7da478 gutentor-element gutentor-element-advanced-text\"><div class=\"gutentor-text-wrap\"><p class=\"gutentor-text\"><strong>Unsere Praxis beteiligt sich an den offiziellen hessenweiten Protesttagen<\/strong>. <strong>Ggf bleibt unsere Praxis an diesen Tagen geschlossen. In dringenden F\u00e4llen wenden Sie sich ab 14.00 Uhr an den \u00e4rztlichen Bereitschaftsdienst im Usinger Krankenhaus.<\/strong><br><br>Durch immer weitere Sparma\u00dfnahmen seitens Politik und Krankenkassen und den in den letzten Jahren immens gestiegenen und weiter steigenden Praxiskosten stehen viele Praxen bald vor dem finanziellen- und personellen Aus! Hier ein paar kleine Beispiele was diese Kosten ausmacht: bei den Honorarverhandlungen will uns der Spitzenverband der Krankenkassen mit Nullrunden abspeisen. Man will uns Leistungen sogar noch k\u00fcrzen. Bei einer aktuellen Inflation von \u00fcber 10% will man uns nur 2% Inflationsausgleich zugestehen, welchen wir dann auch erst 2024 \u00fcberhaupt erhalten sollen. Verdiente Boni f\u00fcr die geleistete (Mehr-)Arbeit unserer Medizinischen Fachangestellten, in den drei Jahren der Pandemie mussten wir aus eigener Tasche zahlen wo andere durch Steuergelder vom Staat gef\u00f6rdert wurden. Wir erhalten keine Hilfen f\u00fcr gestiegene Energiekosten wie bspl. Krankenh\u00e4user oder Pflegeeinrichtungen.<\/p><\/div><\/div>\n<\/div><\/div>\n\n\n\n<div id=\"col-gm62d98c\" class=\"wp-block-gutentor-m4-col col-gm62d98c gutentor-single-column  grid-lg-6 grid-md-12 grid-12\"><div id=\"section-gm62d98c\" class=\"section-gm62d98c gutentor-col-wrap\">\n<div id=\"section-g6824b8\" class=\"wp-block-gutentor-e1 section-g6824b8 gutentor-element gutentor-element-advanced-text\"><div class=\"gutentor-text-wrap\"><p class=\"gutentor-text\">Wir k\u00e4mpfen f\u00fcr unsere Patienten, f\u00fcr unsere Zukunft und IHRE weitere ambulante haus\u00e4rztliche Versorgung und streiken deshalb auch an kommenden Protesttagen um auf unsere prek\u00e4re Lage aufmerksam zu machen!<br>Gern k\u00f6nnen Sie unseren Protest mit ihrer Unterschrift in unserer Praxis oder dem unterschreiben der Online-Petition unter <strong><a rel=\"noreferrer noopener\" href=\"https:\/\/deref-gmx.net\/mail\/client\/gl0vohAtO1Y\/dereferrer\/?redirectUrl=https%3A%2F%2Frundschreiben.kvhessen.de%2Fc%2F79720110%2F5c5e54aa45c70-rp4wi7\" target=\"_blank\">petition.gemeinschaft-ambulante-medizin.de<\/a><\/strong> unterst\u00fctzen.<br>Wir leiden bereits heute an einem massiven Haus\u00e4rztemangel den viele Patienten bereits schmerzhaft sp\u00fcren m\u00fcssen und die Zukunft sieht d\u00fcster aus!<br><br>WIR SEHEN SCHWARZ!<br><br><\/p><\/div><\/div>\n\n\n\n<div id=\"section-g6b2eba\" class=\"wp-block-gutentor-e6 section-g6b2eba gutentor-element gutentor-element-image\"><div class=\"gutentor-element-image-box\"><div class=\"gutentor-image-thumb\"><img decoding=\"async\" class=\"normal-image\" src=\"https:\/\/praxis-goette.de\/content\/wp-content\/uploads\/2022\/11\/schwarz.jpg\" \/><\/div><\/div><\/div>\n<\/div><\/div>\n<\/div><\/div><\/section>\n","protected":false},"excerpt":{"rendered":"","protected":false},"author":1,"featured_media":0,"parent":0,"menu_order":0,"comment_status":"closed","ping_status":"closed","template":"template-gutentor-full-width.php","meta":{"footnotes":""},"class_list":["post-48","page","type-page","status-publish","hentry"],"_links":{"self":[{"href":"https:\/\/praxis-goette.de\/content\/wp-json\/wp\/v2\/pages\/48","targetHints":{"allow":["GET"]}}],"collection":[{"href":"https:\/\/praxis-goette.de\/content\/wp-json\/wp\/v2\/pages"}],"about":[{"href":"https:\/\/praxis-goette.de\/content\/wp-json\/wp\/v2\/types\/page"}],"author":[{"embeddable":true,"href":"https:\/\/praxis-goette.de\/content\/wp-json\/wp\/v2\/users\/1"}],"replies":[{"embeddable":true,"href":"https:\/\/praxis-goette.de\/content\/wp-json\/wp\/v2\/comments?post=48"}],"version-history":[{"count":170,"href":"https:\/\/praxis-goette.de\/content\/wp-json\/wp\/v2\/pages\/48\/revisions"}],"predecessor-version":[{"id":828,"href":"https:\/\/praxis-goette.de\/content\/wp-json\/wp\/v2\/pages\/48\/revisions\/828"}],"wp:attachment":[{"href":"https:\/\/praxis-goette.de\/content\/wp-json\/wp\/v2\/media?parent=48"}],"curies":[{"name":"wp","href":"https:\/\/api.w.org\/{rel}","templated":true}]}}